{"id":7073,"date":"2025-06-17T11:04:19","date_gmt":"2025-06-17T09:04:19","guid":{"rendered":"https:\/\/www.ecolelafermette.be\/?page_id=7073"},"modified":"2025-06-17T11:25:27","modified_gmt":"2025-06-17T09:25:27","slug":"pratique-communication","status":"publish","type":"page","link":"https:\/\/www.ecolelafermette.be\/?page_id=7073","title":{"rendered":"Pratique &#8211; Communication"},"content":{"rendered":"\t\t<div data-elementor-type=\"wp-post\" data-elementor-id=\"7073\" class=\"elementor elementor-7073\">\n\t\t\t\t<div class=\"elementor-element elementor-element-9ce7c0e e-flex e-con-boxed e-con e-parent\" data-id=\"9ce7c0e\" data-element_type=\"container\">\n\t\t\t\t\t<div class=\"e-con-inner\">\n\t\t\t\t<div class=\"elementor-element elementor-element-988ecb8 elementor-widget elementor-widget-heading\" data-id=\"988ecb8\" data-element_type=\"widget\" data-widget_type=\"heading.default\">\n\t\t\t\t<div class=\"elementor-widget-container\">\n\t\t\t\t\t<h2 class=\"elementor-heading-title elementor-size-default\">Communication<\/h2>\t\t\t\t<\/div>\n\t\t\t\t<\/div>\n\t\t\t\t\t<\/div>\n\t\t\t\t<\/div>\n\t\t<div class=\"elementor-element elementor-element-6240f35 e-flex e-con-boxed e-con e-parent\" data-id=\"6240f35\" data-element_type=\"container\">\n\t\t\t\t\t<div class=\"e-con-inner\">\n\t\t\t\t<div class=\"elementor-element elementor-element-0e81a27 elementor-widget elementor-widget-text-editor\" data-id=\"0e81a27\" data-element_type=\"widget\" data-widget_type=\"text-editor.default\">\n\t\t\t\t<div class=\"elementor-widget-container\">\n\t\t\t\t\t\t\t\t\t<p>L&rsquo;\u00e9cole prend des dispositions pour assurer la communication entre l&rsquo;\u00e9quipe scolaire, les parents et les \u00e9l\u00e8ves et l&rsquo;utilisation des moyens num\u00e9riques afin de soulager et non surcharger \u00e0 la fois l&rsquo;\u00e9quipe scolaire, les \u00e9l\u00e8ves et les parents.<\/p>\n<p><u><b>Comment faire en sorte que notre flux de messages reste g\u00e9rable<\/b><\/u> ?<\/p>\n<p>La communication num\u00e9rique se fait exclusivement via l&rsquo;une des deux adresses \u00e9lectroniques de l&rsquo;\u00e9cole:&nbsp;&nbsp;<a href=\"mailto:direction@ecolelafermette.be\">direction@ecolelafermette.be<\/a> et <a href=\"mailto:secretariat@ecolelafermette.be\">secretariat@ecolelafermette.be<\/a>.<\/p>\n<p><b><u>Moment de la lecture, de l&rsquo;envoi des courriers \u00e9lectroniques<\/u><\/b><\/p>\n<p>Les courriers sont lus et envoy\u00e9s en semaine, entre 8h00 et 18h00. Les courriers re\u00e7us ne sont pas trait\u00e9s les samedis et dimanches, ni les jours f\u00e9ri\u00e9s.<\/p><p><\/p><p><span style=\"font-weight: 700;\"><u>D\u00e9lai de traitement des courriers \u00e9lectroniques<\/u><\/span><\/p><p style=\"margin-bottom: 1em;\">Les courriers sont trait\u00e9s dans les 48h \u00e0 partir du moment de la lecture. Pendant les vacances ou les jours f\u00e9ri\u00e9s, il n&rsquo;y a pas de r\u00e9ponse aux courriers \u00e9lectroniques.<\/p><p style=\"margin-bottom: 1em;\"><\/p><p><span style=\"font-weight: 700;\"><u>Communication et accessibilit\u00e9 en cas de maladie<\/u><\/span><\/p><p style=\"margin-bottom: 1em;\">Si votre enfant est malade, veuillez envoyer un email avant 8h30 \u00e0&nbsp;<a href=\"mailto:secretariat@ecolelafermette.be\" style=\"background-color: rgb(255, 255, 255); color: rgb(243, 186, 253);\">secretariat@ecolelafermette.be<\/a>&nbsp;ou appelez le secr\u00e9tariat au 02\/731.74.86.<\/p><p style=\"margin-bottom: 1em;\"><\/p><p><span style=\"font-weight: 700;\"><u>Communication en cas de force majeure et d&rsquo;urgence<\/u><\/span><\/p><p style=\"margin-bottom: 1em;\">Dans les situations d&rsquo;urgence ou de force majeure et lorsque des mesures doivent \u00eatre prises en dehors des heures de travail ou d&rsquo;\u00e9cole, le contact peut \u00eatre \u00e9tabli via la direction en appelant le 0499\/51.91.33.<\/p>\t\t\t\t\t\t\t\t<\/div>\n\t\t\t\t<\/div>\n\t\t\t\t\t<\/div>\n\t\t\t\t<\/div>\n\t\t\t\t<\/div>\n\t\t","protected":false},"excerpt":{"rendered":"<p>Communication L&rsquo;\u00e9cole prend des dispositions pour assurer la communication entre l&rsquo;\u00e9quipe scolaire, les parents et les \u00e9l\u00e8ves et l&rsquo;utilisation des &hellip; <\/p>\n","protected":false},"author":1,"featured_media":0,"parent":0,"menu_order":0,"comment_status":"closed","ping_status":"closed","template":"elementor_header_footer","meta":{"footnotes":""},"class_list":["post-7073","page","type-page","status-publish","hentry","latest_post"],"_links":{"self":[{"href":"https:\/\/www.ecolelafermette.be\/index.php?rest_route=\/wp\/v2\/pages\/7073","targetHints":{"allow":["GET"]}}],"collection":[{"href":"https:\/\/www.ecolelafermette.be\/index.php?rest_route=\/wp\/v2\/pages"}],"about":[{"href":"https:\/\/www.ecolelafermette.be\/index.php?rest_route=\/wp\/v2\/types\/page"}],"author":[{"embeddable":true,"href":"https:\/\/www.ecolelafermette.be\/index.php?rest_route=\/wp\/v2\/users\/1"}],"replies":[{"embeddable":true,"href":"https:\/\/www.ecolelafermette.be\/index.php?rest_route=%2Fwp%2Fv2%2Fcomments&post=7073"}],"version-history":[{"count":5,"href":"https:\/\/www.ecolelafermette.be\/index.php?rest_route=\/wp\/v2\/pages\/7073\/revisions"}],"predecessor-version":[{"id":7078,"href":"https:\/\/www.ecolelafermette.be\/index.php?rest_route=\/wp\/v2\/pages\/7073\/revisions\/7078"}],"wp:attachment":[{"href":"https:\/\/www.ecolelafermette.be\/index.php?rest_route=%2Fwp%2Fv2%2Fmedia&parent=7073"}],"curies":[{"name":"wp","href":"https:\/\/api.w.org\/{rel}","templated":true}]}}

<div data-elementor-type="wp-post" data-elementor-id="7073" class="elementor elementor-7073">
				<div class="elementor-element elementor-element-9ce7c0e e-flex e-con-boxed e-con e-parent" data-id="9ce7c0e" data-element_type="container">
					<div class="e-con-inner">
				<div class="elementor-element elementor-element-988ecb8 elementor-widget elementor-widget-heading" data-id="988ecb8" data-element_type="widget" data-widget_type="heading.default">
				<div class="elementor-widget-container">
					<h2 class="elementor-heading-title elementor-size-default">Communication</h2>				</div>
				</div>
					</div>
				</div>
		<div class="elementor-element elementor-element-6240f35 e-flex e-con-boxed e-con e-parent" data-id="6240f35" data-element_type="container">
					<div class="e-con-inner">
				<div class="elementor-element elementor-element-0e81a27 elementor-widget elementor-widget-text-editor" data-id="0e81a27" data-element_type="widget" data-widget_type="text-editor.default">
				<div class="elementor-widget-container">
									<p>L&rsquo;école prend des dispositions pour assurer la communication entre l&rsquo;équipe scolaire, les parents et les élèves et l&rsquo;utilisation des moyens numériques afin de soulager et non surcharger à la fois l&rsquo;équipe scolaire, les élèves et les parents.</p>
<p><u><b>Comment faire en sorte que notre flux de messages reste gérable</b></u> ?</p>
<p>La communication numérique se fait exclusivement via l&rsquo;une des deux adresses électroniques de l&rsquo;école:&nbsp;&nbsp;<a href="mailto:direction@ecolelafermette.be">direction@ecolelafermette.be</a> et <a href="mailto:secretariat@ecolelafermette.be">secretariat@ecolelafermette.be</a>.</p>
<p><b><u>Moment de la lecture, de l&rsquo;envoi des courriers électroniques</u></b></p>
<p>Les courriers sont lus et envoyés en semaine, entre 8h00 et 18h00. Les courriers reçus ne sont pas traités les samedis et dimanches, ni les jours fériés.</p><p></p><p><span style="font-weight: 700;"><u>Délai de traitement des courriers électroniques</u></span></p><p style="margin-bottom: 1em;">Les courriers sont traités dans les 48h à partir du moment de la lecture. Pendant les vacances ou les jours fériés, il n&rsquo;y a pas de réponse aux courriers électroniques.</p><p style="margin-bottom: 1em;"></p><p><span style="font-weight: 700;"><u>Communication et accessibilité en cas de maladie</u></span></p><p style="margin-bottom: 1em;">Si votre enfant est malade, veuillez envoyer un email avant 8h30 à&nbsp;<a href="mailto:secretariat@ecolelafermette.be" style="background-color: rgb(255, 255, 255); color: rgb(243, 186, 253);">secretariat@ecolelafermette.be</a>&nbsp;ou appelez le secrétariat au 02/731.74.86.</p><p style="margin-bottom: 1em;"></p><p><span style="font-weight: 700;"><u>Communication en cas de force majeure et d&rsquo;urgence</u></span></p><p style="margin-bottom: 1em;">Dans les situations d&rsquo;urgence ou de force majeure et lorsque des mesures doivent être prises en dehors des heures de travail ou d&rsquo;école, le contact peut être établi via la direction en appelant le 0499/51.91.33.</p>								</div>
				</div>
					</div>
				</div>
				</div>

<p>Communication L&rsquo;école prend des dispositions pour assurer la communication entre l&rsquo;équipe scolaire, les parents et les élèves et l&rsquo;utilisation des &hellip; </p>
