{"id":6947,"date":"2024-10-01T08:47:52","date_gmt":"2024-10-01T06:47:52","guid":{"rendered":"https:\/\/www.ecolelafermette.be\/?page_id=6947"},"modified":"2024-10-15T12:18:15","modified_gmt":"2024-10-15T10:18:15","slug":"news-news-des-eleves","status":"publish","type":"page","link":"https:\/\/www.ecolelafermette.be\/?page_id=6947","title":{"rendered":"News &#8211; News des \u00e9l\u00e8ves"},"content":{"rendered":"\t\t<div data-elementor-type=\"wp-page\" data-elementor-id=\"6947\" class=\"elementor elementor-6947\">\n\t\t\t\t<div class=\"elementor-element elementor-element-9cfcff7 e-flex e-con-boxed e-con e-parent\" data-id=\"9cfcff7\" data-element_type=\"container\">\n\t\t\t\t\t<div class=\"e-con-inner\">\n\t\t\t\t<div class=\"elementor-element elementor-element-38a9183 elementor-widget elementor-widget-heading\" data-id=\"38a9183\" data-element_type=\"widget\" data-widget_type=\"heading.default\">\n\t\t\t\t<div class=\"elementor-widget-container\">\n\t\t\t\t\t<h2 class=\"elementor-heading-title elementor-size-default\">News des \u00e9l\u00e8ves<\/h2>\t\t\t\t<\/div>\n\t\t\t\t<\/div>\n\t\t\t\t\t<\/div>\n\t\t\t\t<\/div>\n\t\t<div class=\"elementor-element elementor-element-a542788 e-flex e-con-boxed e-con e-parent\" data-id=\"a542788\" data-element_type=\"container\">\n\t\t\t\t\t<div class=\"e-con-inner\">\n\t\t\t\t<div class=\"elementor-element elementor-element-ceecad6 elementor-widget elementor-widget-text-editor\" data-id=\"ceecad6\" data-element_type=\"widget\" data-widget_type=\"text-editor.default\">\n\t\t\t\t<div class=\"elementor-widget-container\">\n\t\t\t\t\t\t\t\t\t<p>Vous allez trouver dans cette rubrique quelques nouvelles r\u00e9dig\u00e9es par les \u00e9l\u00e8ves.<br \/>Il vous suffit de cliquer sur l&rsquo;article correspondant pour le consulter.<\/p>\t\t\t\t\t\t\t\t<\/div>\n\t\t\t\t<\/div>\n\t\t\t\t\t<\/div>\n\t\t\t\t<\/div>\n\t\t<div class=\"elementor-element elementor-element-c0aa0eb e-flex e-con-boxed e-con e-parent\" data-id=\"c0aa0eb\" data-element_type=\"container\">\n\t\t\t\t\t<div class=\"e-con-inner\">\n\t\t\t\t<div class=\"elementor-element elementor-element-af163a7 elementor-widget elementor-widget-meafe-post-carousel\" data-id=\"af163a7\" data-element_type=\"widget\" data-settings=\"{&quot;PC_per_line&quot;:3,&quot;PC_per_line_tablet&quot;:2,&quot;PC_per_line_mobile&quot;:1,&quot;PC_swiper_nav&quot;:&quot;yes&quot;,&quot;PC_prev_icon&quot;:{&quot;value&quot;:&quot;fas fa-arrow-left&quot;,&quot;library&quot;:&quot;fa-solid&quot;},&quot;PC_next_icon&quot;:{&quot;value&quot;:&quot;fas fa-arrow-right&quot;,&quot;library&quot;:&quot;fa-solid&quot;},&quot;PC_spacing&quot;:{&quot;unit&quot;:&quot;px&quot;,&quot;size&quot;:20,&quot;sizes&quot;:[]},&quot;PC_spacing_laptop&quot;:{&quot;unit&quot;:&quot;px&quot;,&quot;size&quot;:&quot;&quot;,&quot;sizes&quot;:[]},&quot;PC_spacing_tablet&quot;:{&quot;unit&quot;:&quot;px&quot;,&quot;size&quot;:15,&quot;sizes&quot;:[]},&quot;PC_spacing_mobile_extra&quot;:{&quot;unit&quot;:&quot;px&quot;,&quot;size&quot;:&quot;&quot;,&quot;sizes&quot;:[]},&quot;PC_spacing_mobile&quot;:{&quot;unit&quot;:&quot;px&quot;,&quot;size&quot;:10,&quot;sizes&quot;:[]}}\" data-widget_type=\"meafe-post-carousel.default\">\n\t\t\t\t<div class=\"elementor-widget-container\">\n\t\t\t\t\t<div id=\"meafe-post-grid-af163a7\" class=\"meafe-post-carousel-wrapper layout-1\">\n                <div class=\"swiper\"><div class=\"swiper-wrapper\"><div class=\"meafe-post-carousel-card swiper-slide\" data-id=\"7013\">\n                    <div class=\"meafe-post-carousel-card-inner\"><div class=\"meafe-entry-wrapper-media\"><span class=\"category--wrapper\" itemprop=\"about\"><a href=\"https:\/\/www.ecolelafermette.be\/?cat=5\" rel=\"category\">News<\/a><\/span><\/div><div class=\"meafe-entry-wrapper\"><h2 class=\"meafe-entry-title\"><a class=\"meafe-grid-post-link\" href=\"https:\/\/www.ecolelafermette.be\/?p=7013\" title=\"Masterchef du Chef (Cl\u00e9mence)\">Masterchef du Chef (Cl\u00e9mence)<\/a><\/h2><div class=\"meafe-entry-meta details\"><div class=\"meafe-posted-on meafe-date\"><time datetime=\"15 octobre 2024\">15 octobre 2024<\/time><\/div><\/div><div class=\"meafe-entry-content meafe-content\">\n                                    <p>Masterchef du Chef (Cl\u00e9mence) Ce vendredi 20 septembre 2024, les...<\/p><\/div><div class=\"meafe-post-carousel-button read-more\"><a href=\"https:\/\/www.ecolelafermette.be\/?p=7013\" class=\"meafe-post-elements-readmore-btn\">Lire l&#039;article<svg width=\"24\" height=\"24\" viewBox=\"0 0 24 24\" fill=\"none\" xmlns=\"http:\/\/www.w3.org\/2000\/svg\">\n                                <path d=\"M5 12H19\" stroke=\"currentColor\" stroke-width=\"2\" stroke-linecap=\"round\" stroke-linejoin=\"round\"\/>\n                                <path d=\"M12 5L19 12L12 19\" stroke=\"currentColor\" stroke-width=\"2\" stroke-linecap=\"round\" stroke-linejoin=\"round\"\/>\n                                <\/svg>\n                                <\/a><\/div><\/div><\/div>\n                <\/div><div class=\"meafe-post-carousel-card swiper-slide\" data-id=\"7008\">\n                    <div class=\"meafe-post-carousel-card-inner\"><div class=\"meafe-entry-wrapper-media\"><span class=\"category--wrapper\" itemprop=\"about\"><a href=\"https:\/\/www.ecolelafermette.be\/?cat=5\" rel=\"category\">News<\/a><\/span><\/div><div class=\"meafe-entry-wrapper\"><h2 class=\"meafe-entry-title\"><a class=\"meafe-grid-post-link\" href=\"https:\/\/www.ecolelafermette.be\/?p=7008\" title=\"Masterchef du Chef (Emmi)\">Masterchef du Chef (Emmi)<\/a><\/h2><div class=\"meafe-entry-meta details\"><div class=\"meafe-posted-on meafe-date\"><time datetime=\"15 octobre 2024\">15 octobre 2024<\/time><\/div><\/div><div class=\"meafe-entry-content meafe-content\">\n                                    <p>Masterchef du Chef Le vendredi 20 septembre 2024, les sixi\u00e8me...<\/p><\/div><div class=\"meafe-post-carousel-button read-more\"><a href=\"https:\/\/www.ecolelafermette.be\/?p=7008\" class=\"meafe-post-elements-readmore-btn\">Lire l&#039;article<svg width=\"24\" height=\"24\" viewBox=\"0 0 24 24\" fill=\"none\" xmlns=\"http:\/\/www.w3.org\/2000\/svg\">\n                                <path d=\"M5 12H19\" stroke=\"currentColor\" stroke-width=\"2\" stroke-linecap=\"round\" stroke-linejoin=\"round\"\/>\n                                <path d=\"M12 5L19 12L12 19\" stroke=\"currentColor\" stroke-width=\"2\" stroke-linecap=\"round\" stroke-linejoin=\"round\"\/>\n                                <\/svg>\n                                <\/a><\/div><\/div><\/div>\n                <\/div><div class=\"meafe-post-carousel-card swiper-slide\" data-id=\"6999\">\n                    <div class=\"meafe-post-carousel-card-inner\"><div class=\"meafe-entry-wrapper-media\"><span class=\"category--wrapper\" itemprop=\"about\"><a href=\"https:\/\/www.ecolelafermette.be\/?cat=5\" rel=\"category\">News<\/a><\/span><\/div><div class=\"meafe-entry-wrapper\"><h2 class=\"meafe-entry-title\"><a class=\"meafe-grid-post-link\" href=\"https:\/\/www.ecolelafermette.be\/?p=6999\" title=\"Lancer de bombes \u00e0 eau avec les filleuls (Maxim)\">Lancer de bombes \u00e0 eau avec les filleuls (Maxim)<\/a><\/h2><div class=\"meafe-entry-meta details\"><div class=\"meafe-posted-on meafe-date\"><time datetime=\"15 octobre 2024\">15 octobre 2024<\/time><\/div><\/div><div class=\"meafe-entry-content meafe-content\">\n                                    <p>Lancer de bombes \u00e0 eau avec les filleuls Jeudi 26...<\/p><\/div><div class=\"meafe-post-carousel-button read-more\"><a href=\"https:\/\/www.ecolelafermette.be\/?p=6999\" class=\"meafe-post-elements-readmore-btn\">Lire l&#039;article<svg width=\"24\" height=\"24\" viewBox=\"0 0 24 24\" fill=\"none\" xmlns=\"http:\/\/www.w3.org\/2000\/svg\">\n                                <path d=\"M5 12H19\" stroke=\"currentColor\" stroke-width=\"2\" stroke-linecap=\"round\" stroke-linejoin=\"round\"\/>\n                                <path d=\"M12 5L19 12L12 19\" stroke=\"currentColor\" stroke-width=\"2\" stroke-linecap=\"round\" stroke-linejoin=\"round\"\/>\n                                <\/svg>\n                                <\/a><\/div><\/div><\/div>\n                <\/div><div class=\"meafe-post-carousel-card swiper-slide\" data-id=\"6991\">\n                    <div class=\"meafe-post-carousel-card-inner\"><div class=\"meafe-entry-wrapper-media\"><span class=\"category--wrapper\" itemprop=\"about\"><a href=\"https:\/\/www.ecolelafermette.be\/?cat=5\" rel=\"category\">News<\/a><\/span><\/div><div class=\"meafe-entry-wrapper\"><h2 class=\"meafe-entry-title\"><a class=\"meafe-grid-post-link\" href=\"https:\/\/www.ecolelafermette.be\/?p=6991\" title=\"Le Directeur se met \u00e0 la cuisine (Leana)\">Le Directeur se met \u00e0 la cuisine (Leana)<\/a><\/h2><div class=\"meafe-entry-meta details\"><div class=\"meafe-posted-on meafe-date\"><time datetime=\"15 octobre 2024\">15 octobre 2024<\/time><\/div><\/div><div class=\"meafe-entry-content meafe-content\">\n                                    <p>Le Directeur se met \u00e0 la cuisine Ce vendredi 20...<\/p><\/div><div class=\"meafe-post-carousel-button read-more\"><a href=\"https:\/\/www.ecolelafermette.be\/?p=6991\" class=\"meafe-post-elements-readmore-btn\">Lire l&#039;article<svg width=\"24\" height=\"24\" viewBox=\"0 0 24 24\" fill=\"none\" xmlns=\"http:\/\/www.w3.org\/2000\/svg\">\n                                <path d=\"M5 12H19\" stroke=\"currentColor\" stroke-width=\"2\" stroke-linecap=\"round\" stroke-linejoin=\"round\"\/>\n                                <path d=\"M12 5L19 12L12 19\" stroke=\"currentColor\" stroke-width=\"2\" stroke-linecap=\"round\" stroke-linejoin=\"round\"\/>\n                                <\/svg>\n                                <\/a><\/div><\/div><\/div>\n                <\/div><\/div><\/div>                <!-- If we need navigation buttons -->\n                <div class=\"meafe-navigation-wrap\">\n                    <div class=\"post-carousel meafe-navigation-prev nav\">\n                        <i class=\"fas fa-arrow-left\" aria-hidden=\"true\"><\/i>                    <\/div>\n                    <div class=\"post-carousel meafe-navigation-next nav\">\n                        <i class=\"fas fa-arrow-right\" aria-hidden=\"true\"><\/i>                    <\/div>\n                <\/div>\n            \n        <\/div>\t\t\t\t<\/div>\n\t\t\t\t<\/div>\n\t\t\t\t\t<\/div>\n\t\t\t\t<\/div>\n\t\t\t\t<\/div>\n\t\t","protected":false},"excerpt":{"rendered":"<p>News des \u00e9l\u00e8ves Vous allez trouver dans cette rubrique quelques nouvelles r\u00e9dig\u00e9es par les \u00e9l\u00e8ves.Il vous suffit de cliquer sur &hellip; <\/p>\n","protected":false},"author":1,"featured_media":0,"parent":0,"menu_order":0,"comment_status":"closed","ping_status":"closed","template":"elementor_header_footer","meta":{"footnotes":""},"class_list":["post-6947","page","type-page","status-publish","hentry","latest_post"],"_links":{"self":[{"href":"https:\/\/www.ecolelafermette.be\/index.php?rest_route=\/wp\/v2\/pages\/6947","targetHints":{"allow":["GET"]}}],"collection":[{"href":"https:\/\/www.ecolelafermette.be\/index.php?rest_route=\/wp\/v2\/pages"}],"about":[{"href":"https:\/\/www.ecolelafermette.be\/index.php?rest_route=\/wp\/v2\/types\/page"}],"author":[{"embeddable":true,"href":"https:\/\/www.ecolelafermette.be\/index.php?rest_route=\/wp\/v2\/users\/1"}],"replies":[{"embeddable":true,"href":"https:\/\/www.ecolelafermette.be\/index.php?rest_route=%2Fwp%2Fv2%2Fcomments&post=6947"}],"version-history":[{"count":13,"href":"https:\/\/www.ecolelafermette.be\/index.php?rest_route=\/wp\/v2\/pages\/6947\/revisions"}],"predecessor-version":[{"id":7042,"href":"https:\/\/www.ecolelafermette.be\/index.php?rest_route=\/wp\/v2\/pages\/6947\/revisions\/7042"}],"wp:attachment":[{"href":"https:\/\/www.ecolelafermette.be\/index.php?rest_route=%2Fwp%2Fv2%2Fmedia&parent=6947"}],"curies":[{"name":"wp","href":"https:\/\/api.w.org\/{rel}","templated":true}]}}