{"id":6675,"date":"2024-07-07T18:28:55","date_gmt":"2024-07-07T16:28:55","guid":{"rendered":"https:\/\/new.ecolelafermette.be\/?page_id=6675"},"modified":"2025-11-25T20:44:19","modified_gmt":"2025-11-25T19:44:19","slug":"pratique-reglement-de-lecole","status":"publish","type":"page","link":"https:\/\/www.ecolelafermette.be\/?page_id=6675","title":{"rendered":"Pratique &#8211; R\u00e8glement de l&rsquo;\u00e9cole"},"content":{"rendered":"\t\t<div data-elementor-type=\"wp-page\" data-elementor-id=\"6675\" class=\"elementor elementor-6675\">\n\t\t\t\t<div class=\"elementor-element elementor-element-b3b32a6 e-flex e-con-boxed e-con e-parent\" data-id=\"b3b32a6\" data-element_type=\"container\">\n\t\t\t\t\t<div class=\"e-con-inner\">\n\t\t\t\t<div class=\"elementor-element elementor-element-1767351 elementor-widget elementor-widget-heading\" data-id=\"1767351\" data-element_type=\"widget\" data-widget_type=\"heading.default\">\n\t\t\t\t<div class=\"elementor-widget-container\">\n\t\t\t\t\t<h2 class=\"elementor-heading-title elementor-size-default\">R\u00e8glement de l'\u00e9cole<\/h2>\t\t\t\t<\/div>\n\t\t\t\t<\/div>\n\t\t\t\t\t<\/div>\n\t\t\t\t<\/div>\n\t\t<div class=\"elementor-element elementor-element-de46f95 e-flex e-con-boxed e-con e-parent\" data-id=\"de46f95\" data-element_type=\"container\">\n\t\t\t\t\t<div class=\"e-con-inner\">\n\t\t\t\t<div class=\"elementor-element elementor-element-e24368b elementor-widget elementor-widget-text-editor\" data-id=\"e24368b\" data-element_type=\"widget\" data-widget_type=\"text-editor.default\">\n\t\t\t\t<div class=\"elementor-widget-container\">\n\t\t\t\t\t\t\t\t\t<p>Le r\u00e8glement de l&rsquo;\u00e9cole La Fermette 2025-2026 est disponible au t\u00e9l\u00e9chargement ici : <a href=\"https:\/\/www.ecolelafermette.be\/wp-content\/uploads\/2025\/11\/Reglement-scolaire-FR-La-fermette-25-26.pdf\" target=\"_blank\" rel=\"noopener\">R\u00e8glement de l&rsquo;\u00e9cole<\/a><\/p>\t\t\t\t\t\t\t\t<\/div>\n\t\t\t\t<\/div>\n\t\t\t\t\t<\/div>\n\t\t\t\t<\/div>\n\t\t<div class=\"elementor-element elementor-element-aac2bc1 e-flex e-con-boxed e-con e-parent\" data-id=\"aac2bc1\" data-element_type=\"container\">\n\t\t\t\t\t<div class=\"e-con-inner\">\n\t\t\t\t\t<\/div>\n\t\t\t\t<\/div>\n\t\t\t\t<\/div>\n\t\t","protected":false},"excerpt":{"rendered":"<p>R\u00e8glement de l&rsquo;\u00e9cole Le r\u00e8glement de l&rsquo;\u00e9cole La Fermette 2025-2026 est disponible au t\u00e9l\u00e9chargement ici : R\u00e8glement de l&rsquo;\u00e9cole<\/p>\n","protected":false},"author":1,"featured_media":0,"parent":0,"menu_order":0,"comment_status":"closed","ping_status":"closed","template":"elementor_header_footer","meta":{"footnotes":""},"class_list":["post-6675","page","type-page","status-publish","hentry","latest_post"],"_links":{"self":[{"href":"https:\/\/www.ecolelafermette.be\/index.php?rest_route=\/wp\/v2\/pages\/6675","targetHints":{"allow":["GET"]}}],"collection":[{"href":"https:\/\/www.ecolelafermette.be\/index.php?rest_route=\/wp\/v2\/pages"}],"about":[{"href":"https:\/\/www.ecolelafermette.be\/index.php?rest_route=\/wp\/v2\/types\/page"}],"author":[{"embeddable":true,"href":"https:\/\/www.ecolelafermette.be\/index.php?rest_route=\/wp\/v2\/users\/1"}],"replies":[{"embeddable":true,"href":"https:\/\/www.ecolelafermette.be\/index.php?rest_route=%2Fwp%2Fv2%2Fcomments&post=6675"}],"version-history":[{"count":19,"href":"https:\/\/www.ecolelafermette.be\/index.php?rest_route=\/wp\/v2\/pages\/6675\/revisions"}],"predecessor-version":[{"id":7264,"href":"https:\/\/www.ecolelafermette.be\/index.php?rest_route=\/wp\/v2\/pages\/6675\/revisions\/7264"}],"wp:attachment":[{"href":"https:\/\/www.ecolelafermette.be\/index.php?rest_route=%2Fwp%2Fv2%2Fmedia&parent=6675"}],"curies":[{"name":"wp","href":"https:\/\/api.w.org\/{rel}","templated":true}]}}