{"id":6310,"date":"2024-06-18T11:14:42","date_gmt":"2024-06-18T09:14:42","guid":{"rendered":"https:\/\/lafermette.novatris.be\/?page_id=6310"},"modified":"2025-06-17T11:30:32","modified_gmt":"2025-06-17T09:30:32","slug":"pratique-divers","status":"publish","type":"page","link":"https:\/\/www.ecolelafermette.be\/?page_id=6310","title":{"rendered":"Pratique &#8211; Divers"},"content":{"rendered":"\t\t<div data-elementor-type=\"wp-page\" data-elementor-id=\"6310\" class=\"elementor elementor-6310\">\n\t\t\t\t<div class=\"elementor-element elementor-element-4c40e83 e-flex e-con-boxed e-con e-parent\" data-id=\"4c40e83\" data-element_type=\"container\">\n\t\t\t\t\t<div class=\"e-con-inner\">\n\t\t\t\t<div class=\"elementor-element elementor-element-e9f6172 elementor-widget elementor-widget-heading\" data-id=\"e9f6172\" data-element_type=\"widget\" data-widget_type=\"heading.default\">\n\t\t\t\t<div class=\"elementor-widget-container\">\n\t\t\t\t\t<h2 class=\"elementor-heading-title elementor-size-default\">Divers<\/h2>\t\t\t\t<\/div>\n\t\t\t\t<\/div>\n\t\t\t\t\t<\/div>\n\t\t\t\t<\/div>\n\t\t<div class=\"elementor-element elementor-element-15a5466 e-flex e-con-boxed e-con e-parent\" data-id=\"15a5466\" data-element_type=\"container\">\n\t\t\t\t\t<div class=\"e-con-inner\">\n\t\t\t\t<div class=\"elementor-element elementor-element-fb0f724 elementor-widget elementor-widget-text-editor\" data-id=\"fb0f724\" data-element_type=\"widget\" data-widget_type=\"text-editor.default\">\n\t\t\t\t<div class=\"elementor-widget-container\">\n\t\t\t\t\t\t\t\t\t<ol>\n<li><strong><u> Assurance scolaire<\/u><\/strong><\/li>\n<\/ol>\n<p>Tout \u00e9l\u00e8ve inscrit b\u00e9n\u00e9ficie d\u2019une assurance contre les accidents. L\u2019assurance couvre toutes les activit\u00e9s scolaires y compris les excursions et les s\u00e9jours en classe de d\u00e9paysement.&nbsp;&nbsp;&nbsp;&nbsp;&nbsp;&nbsp;&nbsp;&nbsp;&nbsp;&nbsp;&nbsp;<\/p>\n<p>La responsabilit\u00e9 de l\u2019\u00e9cole est engag\u00e9e sur le chemin du retour jusqu\u2019au moment o\u00f9 quelqu\u2019un d\u2019autre prend l\u2019enfant en charge.<\/p>\n<p>Les accidents caus\u00e9s aux tiers sur le chemin de l\u2019\u00e9cole ne sont pas couverts. En cas d&rsquo;accident, pr\u00e9venez le plus vite possible la direction de l&rsquo;\u00e9cole afin qu&rsquo;elle puisse elle-m\u00eame remplir le constat d&rsquo;accident. L\u2019assurance remboursera la diff\u00e9rence entre la totalit\u00e9 des d\u00e9bours et l\u2019intervention de la mutuelle. Il faut donc d\u2019abord pr\u00e9senter \u00e0 celle-ci les notes de frais expos\u00e9s.<\/p>\n<ol start=\"2\">\n<li><strong><u> Informations personnelles<\/u><\/strong><\/li>\n<\/ol>\n<p>Il est important de signaler tous les changements qui peuvent nous \u00eatre utiles : changement d&rsquo;adresse, de n\u00b0 de t\u00e9l\u00e9phone, lieu de travail, garderie, transport scolaire, &#8230; <u>En cas d&rsquo;urgence, un num\u00e9ro de t\u00e9l\u00e9phone correct est primordial<\/u>.<\/p>\n<ol start=\"3\">\n<li><strong><u> Identification des v\u00eatements<\/u><\/strong><\/li>\n<\/ol>\n<p>Afin d\u2019\u00e9viter &nbsp;la perte de v\u00eatements et affaires scolaires (certainement parmi les petits), nous demandons aux parents de marquer tous les effets personnels de leur enfant au nom de celui-ci.<\/p>\n<ol start=\"4\">\n<li><strong><u> S\u00e9curit\u00e9 et parking<\/u><\/strong><\/li>\n<\/ol>\n<p>Les pi\u00e9tons ont priorit\u00e9 absolue sur les passages pr\u00e9vus \u00e0 cet \u00e9gard ! Pour la s\u00e9curit\u00e9 de tous, pensez-y en arrivant pr\u00e8s de l\u2019\u00e9cole!<\/p>\n<p>Nous vous demandons \u00e9galement d\u2019\u00eatre attentifs et de faire preuve d\u2019autodiscipline afin de ne pas stationner :&nbsp;&nbsp;&nbsp;<\/p>\n<p>&nbsp;&nbsp;&nbsp;&nbsp;&nbsp;&nbsp;&nbsp;&nbsp;&nbsp;&nbsp;&nbsp;&nbsp;&nbsp;&nbsp;&nbsp;&nbsp;&nbsp;&nbsp;&nbsp;&nbsp;&nbsp;&nbsp;&nbsp;&nbsp;&nbsp;&nbsp;&nbsp;&nbsp;&nbsp;&nbsp;&nbsp;&nbsp;&nbsp;&nbsp;&nbsp;&nbsp;&nbsp;&nbsp; * sur le parking bus<\/p>\n<p>&nbsp;&nbsp;&nbsp;&nbsp;&nbsp;&nbsp;&nbsp;&nbsp;&nbsp;&nbsp;&nbsp;&nbsp;&nbsp;&nbsp;&nbsp;&nbsp;&nbsp;&nbsp;&nbsp;&nbsp;&nbsp;&nbsp;&nbsp;&nbsp;&nbsp;&nbsp;&nbsp;&nbsp;&nbsp;&nbsp;&nbsp;&nbsp; &nbsp;&nbsp;&nbsp;&nbsp;&nbsp;&nbsp;* en double file en attendant qu\u2019une place se lib\u00e8re<\/p>\n<p>&nbsp;&nbsp;&nbsp;&nbsp;&nbsp;&nbsp;&nbsp;&nbsp;&nbsp;&nbsp;&nbsp;&nbsp;&nbsp;&nbsp;&nbsp;&nbsp;&nbsp;&nbsp;&nbsp;&nbsp;&nbsp;&nbsp;&nbsp;&nbsp;&nbsp;&nbsp;&nbsp;&nbsp;&nbsp;&nbsp;&nbsp;&nbsp;&nbsp;&nbsp;&nbsp;&nbsp;&nbsp;&nbsp; * \u00e0 l\u2019entr\u00e9e du chemin d\u2019acc\u00e8s (devant les barri\u00e8res)<\/p>\n<p>&nbsp;&nbsp;&nbsp;&nbsp;&nbsp;&nbsp;&nbsp;&nbsp;&nbsp;&nbsp;&nbsp;&nbsp;&nbsp;&nbsp;&nbsp;&nbsp;&nbsp;&nbsp;&nbsp;&nbsp;&nbsp;&nbsp;&nbsp;&nbsp;&nbsp;&nbsp;&nbsp;&nbsp;&nbsp;&nbsp;&nbsp;&nbsp;&nbsp;&nbsp;&nbsp;&nbsp;&nbsp;&nbsp; * sur le trottoir, le gazon ou les propri\u00e9t\u00e9s priv\u00e9es.<\/p>\n<p><u>Merci \u00e9galement de couper les moteurs de vos v\u00e9hicules, m\u00eame en hiver.<\/u><\/p>\n<p><strong>Le parking du terrain de football est accessible de 8h \u00e0 8h45 et de 15h15 \u00e0 16h00. Vous pouvez rejoindre l\u2019\u00e9cole \u00e0 pied et en s\u00e9curit\u00e9 par le petit sentier le long du terrain de football. Profitez-en&nbsp;!<\/strong><\/p>\n<ol start=\"5\">\n<li><strong><u>Sortie d\u2019\u00e9cole<\/u><\/strong><\/li>\n<\/ol>\n<p>Pour la s\u00e9curit\u00e9 de vos enfants, \u00e0 la sortie des classes, tout \u00e9l\u00e8ve de la section primaire &nbsp;attendra ses parents &nbsp;derri\u00e8re la grille, \u00e0 l\u2019int\u00e9rieur de l\u2019\u00e9cole. Nous demandons \u00e9galement aux parents d\u2019attendre leur(s) enfant(s) devant la ligne rouge afin de permettre aux enseignants d\u2019organiser la sortie des classes.<\/p>\n<p>Les parents autorisant leur enfant (de 4\u00e8me-5\u00e8me-6\u00e8me) \u00e0 <u>rentrer seul<\/u> \u00e0 la maison sont pri\u00e9s de compl\u00e9ter pr\u00e9alablement une <u>carte de sortie<\/u>, disponible au secr\u00e9tariat. Sans carte de sortie ou justificatif \u00e9crit des parents, aucun enfant ne sera autoris\u00e9 \u00e0 quitter l\u2019\u00e9cole.<\/p>\n<p>Votre collaboration est indispensable afin de garantir une \u00e9cole o\u00f9 vos enfants seront encore mieux prot\u00e9g\u00e9s.<\/p>\n<ol start=\"6\">\n<li><strong><u>Inscriptions <\/u><\/strong><\/li>\n<\/ol>\n<p>Les parents d\u00e9sireux d\u2019inscrire un de leurs enfants entre septembre et juin dans&nbsp; la section maternelle sont pri\u00e9s de se mettre en rapport avec la direction afin de voir les disponibilit\u00e9s et remplir les documents n\u00e9cessaires.<\/p>\n<p>N\u2019h\u00e9sitez pas \u00e0 inscrire votre enfant le plus t\u00f4t possible.<\/p>\n<ol start=\"7\">\n<li><strong><u> Site internet<\/u><\/strong><\/li>\n<\/ol>\n<p>Notre \u00e9cole dispose d\u2019un site internet <a href=\"http:\/\/www.ecolelafermette.be\">www.ecolelafermette.be<\/a> qui regorge d\u2019informations, de photos et reportages sur les diff\u00e9rentes activit\u00e9s de toutes les classes de l\u2019\u00e9cole. Si vous ne souhaitez pas que des photos de votre enfant soient publi\u00e9s sur ce site, merci d\u2019en pr\u00e9venir par courrier la direction.<\/p>\t\t\t\t\t\t\t\t<\/div>\n\t\t\t\t<\/div>\n\t\t\t\t\t<\/div>\n\t\t\t\t<\/div>\n\t\t<div class=\"elementor-element elementor-element-3029efb e-flex e-con-boxed e-con e-parent\" data-id=\"3029efb\" data-element_type=\"container\">\n\t\t\t\t\t<div class=\"e-con-inner\">\n\t\t\t\t\t<\/div>\n\t\t\t\t<\/div>\n\t\t\t\t<\/div>\n\t\t","protected":false},"excerpt":{"rendered":"<p>Divers Assurance scolaire Tout \u00e9l\u00e8ve inscrit b\u00e9n\u00e9ficie d\u2019une assurance contre les accidents. L\u2019assurance couvre toutes les activit\u00e9s scolaires y compris &hellip; <\/p>\n","protected":false},"author":1,"featured_media":0,"parent":0,"menu_order":0,"comment_status":"closed","ping_status":"closed","template":"elementor_header_footer","meta":{"footnotes":""},"class_list":["post-6310","page","type-page","status-publish","hentry","latest_post"],"_links":{"self":[{"href":"https:\/\/www.ecolelafermette.be\/index.php?rest_route=\/wp\/v2\/pages\/6310","targetHints":{"allow":["GET"]}}],"collection":[{"href":"https:\/\/www.ecolelafermette.be\/index.php?rest_route=\/wp\/v2\/pages"}],"about":[{"href":"https:\/\/www.ecolelafermette.be\/index.php?rest_route=\/wp\/v2\/types\/page"}],"author":[{"embeddable":true,"href":"https:\/\/www.ecolelafermette.be\/index.php?rest_route=\/wp\/v2\/users\/1"}],"replies":[{"embeddable":true,"href":"https:\/\/www.ecolelafermette.be\/index.php?rest_route=%2Fwp%2Fv2%2Fcomments&post=6310"}],"version-history":[{"count":19,"href":"https:\/\/www.ecolelafermette.be\/index.php?rest_route=\/wp\/v2\/pages\/6310\/revisions"}],"predecessor-version":[{"id":7082,"href":"https:\/\/www.ecolelafermette.be\/index.php?rest_route=\/wp\/v2\/pages\/6310\/revisions\/7082"}],"wp:attachment":[{"href":"https:\/\/www.ecolelafermette.be\/index.php?rest_route=%2Fwp%2Fv2%2Fmedia&parent=6310"}],"curies":[{"name":"wp","href":"https:\/\/api.w.org\/{rel}","templated":true}]}}