{"id":5893,"date":"2024-04-23T17:11:38","date_gmt":"2024-04-23T15:11:38","guid":{"rendered":"https:\/\/lafermette.novatris.be\/?page_id=5893"},"modified":"2024-07-09T12:37:37","modified_gmt":"2024-07-09T10:37:37","slug":"pratique-horaire-maternelles","status":"publish","type":"page","link":"https:\/\/www.ecolelafermette.be\/?page_id=5893","title":{"rendered":"Pratique &#8211; Horaire maternelles"},"content":{"rendered":"\t\t<div data-elementor-type=\"wp-page\" data-elementor-id=\"5893\" class=\"elementor elementor-5893\">\n\t\t\t\t<div class=\"elementor-element elementor-element-665f8a7 e-flex e-con-boxed e-con e-parent\" data-id=\"665f8a7\" data-element_type=\"container\">\n\t\t\t\t\t<div class=\"e-con-inner\">\n\t\t\t\t<div class=\"elementor-element elementor-element-781e029 elementor-widget elementor-widget-heading\" data-id=\"781e029\" data-element_type=\"widget\" data-widget_type=\"heading.default\">\n\t\t\t\t<div class=\"elementor-widget-container\">\n\t\t\t\t\t<h1 class=\"elementor-heading-title elementor-size-default\">Renseignements pratiques en maternelles<br><\/h1>\t\t\t\t<\/div>\n\t\t\t\t<\/div>\n\t\t\t\t\t<\/div>\n\t\t\t\t<\/div>\n\t\t<div class=\"elementor-element elementor-element-c6c96a7 e-flex e-con-boxed e-con e-parent\" data-id=\"c6c96a7\" data-element_type=\"container\">\n\t\t\t\t\t<div class=\"e-con-inner\">\n\t\t\t\t<div class=\"elementor-element elementor-element-3bb4215 elementor-widget elementor-widget-heading\" data-id=\"3bb4215\" data-element_type=\"widget\" data-widget_type=\"heading.default\">\n\t\t\t\t<div class=\"elementor-widget-container\">\n\t\t\t\t\t<h3 class=\"elementor-heading-title elementor-size-default\">Horaire<\/h3>\t\t\t\t<\/div>\n\t\t\t\t<\/div>\n\t\t\t\t\t<\/div>\n\t\t\t\t<\/div>\n\t\t<div class=\"elementor-element elementor-element-985e5e6 e-flex e-con-boxed e-con e-parent\" data-id=\"985e5e6\" data-element_type=\"container\">\n\t\t\t\t\t<div class=\"e-con-inner\">\n\t\t\t\t<div class=\"elementor-element elementor-element-f5793bf elementor-widget elementor-widget-text-editor\" data-id=\"f5793bf\" data-element_type=\"widget\" data-widget_type=\"text-editor.default\">\n\t\t\t\t<div class=\"elementor-widget-container\">\n\t\t\t\t\t\t\t\t\t<p>Nous prions les parents de la section maternelle de respecter l\u2019horaire et principalement l\u2019heure du d\u00e9but des activit\u00e9s, soit 8h30.<\/p><p><span style=\"font-weight: bold;\"><em>Il vous est donc vivement recommand\u00e9 que les enfants soient pr\u00e9sents au plus tard dix minutes avant le d\u00e9but des activit\u00e9s.<\/em><\/span><\/p>\t\t\t\t\t\t\t\t<\/div>\n\t\t\t\t<\/div>\n\t\t\t\t\t<\/div>\n\t\t\t\t<\/div>\n\t\t<div class=\"elementor-element elementor-element-dd49822 e-flex e-con-boxed e-con e-parent\" data-id=\"dd49822\" data-element_type=\"container\">\n\t\t\t\t\t<div class=\"e-con-inner\">\n\t\t\t\t<div class=\"elementor-element elementor-element-6e6ba86 elementor-widget elementor-widget-text-editor\" data-id=\"6e6ba86\" data-element_type=\"widget\" data-widget_type=\"text-editor.default\">\n\t\t\t\t<div class=\"elementor-widget-container\">\n\t\t\t\t\t\t\t\t\t<p><span style=\"text-align: var(--text-align);\">* matin\u00e9e :&nbsp;&nbsp;<\/span><\/p>\n<p>&nbsp;&nbsp;&nbsp;&nbsp;&nbsp;&nbsp;&nbsp;&nbsp;&nbsp; &#8211; Accueil : 8h30\u2019 \u00e0 8h35\u2019<\/p>\n<p>&nbsp;&nbsp;&nbsp;&nbsp;&nbsp;&nbsp;&nbsp;&nbsp;&nbsp; &#8211; 1\u00e8re s\u00e9rie d\u2019activit\u00e9s : 8h35\u2019 \u00e0 10h15\u2019<\/p>\n<p>&nbsp;&nbsp;&nbsp;&nbsp;&nbsp;&nbsp;&nbsp;&nbsp;&nbsp; &#8211; Collation sant\u00e9, passage aux toilettes + r\u00e9cr\u00e9ation : 10h15\u2019 \u00e0 11h<\/p>\n<p>&nbsp;&nbsp;&nbsp;&nbsp;&nbsp;&nbsp;&nbsp;&nbsp;&nbsp; &#8211; 2\u00e8me s\u00e9rie d\u2019activit\u00e9s : 11h \u00e0 11h30\u2019<\/p>\n<p>&nbsp;&nbsp;&nbsp;&nbsp;&nbsp;&nbsp;&nbsp;&nbsp;&nbsp; &#8211; Pr\u00e9paratifs sortie et\/ou repas : 11h30\u2019 \u00e0 12h10\u2019<\/p>\n<p><\/p>\n<p>&nbsp;&nbsp;&nbsp;&nbsp;&nbsp;&nbsp;&nbsp;&nbsp;&nbsp; Interruption de midi et repas.<\/p>\n<p>&nbsp;&nbsp;&nbsp;&nbsp;&nbsp;&nbsp;&nbsp;&nbsp;&nbsp; Sieste pour les petits \u00e0 partir de 12h10\u2019 (accueil + 1\u00e8re maternelle).<\/p>\n<p><\/p>\n<p>* apr\u00e8s-midi :<\/p>\n<p>&nbsp;&nbsp;&nbsp;&nbsp;&nbsp;&nbsp;&nbsp;&nbsp;&nbsp; &#8211; 3\u00e8me s\u00e9rie d\u2019activit\u00e9s : 13h30\u2019 \u00e0 15h25\u2019<\/p>\n<p>&nbsp;&nbsp;&nbsp;&nbsp;&nbsp;&nbsp;&nbsp;&nbsp;&nbsp; &#8211; Sortie des classes : 15h25\u2019<\/p>\n<p><\/p>\n<p>Nous demandons \u00e9galement aux parents :<\/p>\n<ul>\n<li>de <strong>rester derri\u00e8re la ligne blanche&nbsp;<\/strong>au moment o\u00f9 pour les enfants sonne l\u2019heure de se ranger pour rentrer en classe<\/li>\n<li>de limiter au strict minimum le passage dans les couloirs afin de ne pas perturber l\u2019organisation des groupes.<\/li>\n<li>de ne pas reprendre son enfant avant la fin des activit\u00e9s et d\u2019attendre derri\u00e8re la grille d\u2019entr\u00e9e afin de permettre aux institutrices d\u2019habiller les enfants et d\u2019organiser de fa\u00e7on ordonn\u00e9e la sortie des classes.<\/li>\n<\/ul>\t\t\t\t\t\t\t\t<\/div>\n\t\t\t\t<\/div>\n\t\t\t\t\t<\/div>\n\t\t\t\t<\/div>\n\t\t<div class=\"elementor-element elementor-element-c30b0f8 e-flex e-con-boxed e-con e-parent\" data-id=\"c30b0f8\" data-element_type=\"container\">\n\t\t\t\t\t<div class=\"e-con-inner\">\n\t\t\t\t<div class=\"elementor-element elementor-element-7955589 elementor-widget elementor-widget-heading\" data-id=\"7955589\" data-element_type=\"widget\" data-widget_type=\"heading.default\">\n\t\t\t\t<div class=\"elementor-widget-container\">\n\t\t\t\t\t<h4 class=\"elementor-heading-title elementor-size-default\">Psychomotricit\u00e9<\/h4>\t\t\t\t<\/div>\n\t\t\t\t<\/div>\n\t\t\t\t\t<\/div>\n\t\t\t\t<\/div>\n\t\t<div class=\"elementor-element elementor-element-3fb0fa5 e-flex e-con-boxed e-con e-parent\" data-id=\"3fb0fa5\" data-element_type=\"container\">\n\t\t\t\t\t<div class=\"e-con-inner\">\n\t\t\t\t<div class=\"elementor-element elementor-element-0cee977 elementor-widget elementor-widget-text-editor\" data-id=\"0cee977\" data-element_type=\"widget\" data-widget_type=\"text-editor.default\">\n\t\t\t\t<div class=\"elementor-widget-container\">\n\t\t\t\t\t\t\t\t\t<p>La psychomotricit\u00e9 est une activit\u00e9 indispensable au bon d\u00e9veloppement de chaque enfant, notamment au niveau du sch\u00e9ma corporel et des rep\u00e8res spatiaux.<\/p><p>Ne disposant pas de salle de sport \u00e0 l\u2019\u00e9cole, les enfants se rendent en car scolaire au hall des sports communal.<\/p><p>Habillez votre enfant d\u2019une tenue pratique et de chaussures sans lacets pour les activit\u00e9s sportives et marquez les v\u00eatements. Mettez des \u00ab\u00a0lichettes\u00a0\u00bb aux manteaux.<\/p>\t\t\t\t\t\t\t\t<\/div>\n\t\t\t\t<\/div>\n\t\t\t\t\t<\/div>\n\t\t\t\t<\/div>\n\t\t<div class=\"elementor-element elementor-element-03b4b56 e-flex e-con-boxed e-con e-parent\" data-id=\"03b4b56\" data-element_type=\"container\">\n\t\t\t\t\t<div class=\"e-con-inner\">\n\t\t\t\t<div class=\"elementor-element elementor-element-ed824ee elementor-widget elementor-widget-spacer\" data-id=\"ed824ee\" data-element_type=\"widget\" data-widget_type=\"spacer.default\">\n\t\t\t\t<div class=\"elementor-widget-container\">\n\t\t\t\t\t\t\t<div class=\"elementor-spacer\">\n\t\t\t<div class=\"elementor-spacer-inner\"><\/div>\n\t\t<\/div>\n\t\t\t\t\t\t<\/div>\n\t\t\t\t<\/div>\n\t\t\t\t<div class=\"elementor-element elementor-element-de440d7 elementor-widget elementor-widget-heading\" data-id=\"de440d7\" data-element_type=\"widget\" data-widget_type=\"heading.default\">\n\t\t\t\t<div class=\"elementor-widget-container\">\n\t\t\t\t\t<h3 class=\"elementor-heading-title elementor-size-default\">Propret\u00e9 des enfants<\/h3>\t\t\t\t<\/div>\n\t\t\t\t<\/div>\n\t\t\t\t\t<\/div>\n\t\t\t\t<\/div>\n\t\t<div class=\"elementor-element elementor-element-955560a e-flex e-con-boxed e-con e-parent\" data-id=\"955560a\" data-element_type=\"container\">\n\t\t\t\t\t<div class=\"e-con-inner\">\n\t\t\t\t<div class=\"elementor-element elementor-element-00ecc51 elementor-widget elementor-widget-text-editor\" data-id=\"00ecc51\" data-element_type=\"widget\" data-widget_type=\"text-editor.default\">\n\t\t\t\t<div class=\"elementor-widget-container\">\n\t\t\t\t\t\t\t\t\t<p><span style=\"text-align: var(--text-align);\">Il est vivement souhaitable que les plus jeunes de l\u2019\u00e9cole soient \u00ab\u00a0propres\u00a0\u00bb lors de leurs d\u00e9buts \u00e0 l\u2019\u00e9cole. Un \u00ab\u00a0petit accident\u00a0\u00bb est \u00e9videmment toujours possible\u2026<\/span><\/p><p>Pour entrer \u00e0 l\u2019\u00e9cole maternelle, nous comptons sur un travail des parents pour que l\u2019enfant soit \u201cpropre\u201d. L\u2019\u00e9cole n\u2019autorise pas de couches-culottes.<\/p><p>La propret\u00e9 de l\u2019enfant ne peut en aucun cas \u00eatre\u00a0<u>une condition d\u2019inscription<\/u>\u00a0dans notre \u00e9tablissement mais bien\u00a0<u>une condition d\u2019admission<\/u>.<\/p><p>Si l\u2019enfant n\u2019est pas encore propre \u00e0 sa date d\u2019admission, cette derni\u00e8re sera\u00a0<u>report\u00e9e \u00e0 une date ult\u00e9rieure<\/u>\u00a0mais son inscription au sein de l\u2019\u00e9cole sera bien maintenue.<\/p><p>\u00a0<\/p>\t\t\t\t\t\t\t\t<\/div>\n\t\t\t\t<\/div>\n\t\t\t\t<div class=\"elementor-element elementor-element-1d9a326 elementor-widget elementor-widget-heading\" data-id=\"1d9a326\" data-element_type=\"widget\" data-widget_type=\"heading.default\">\n\t\t\t\t<div class=\"elementor-widget-container\">\n\t\t\t\t\t<h3 class=\"elementor-heading-title elementor-size-default\">Enseignement obligatoire<\/h3>\t\t\t\t<\/div>\n\t\t\t\t<\/div>\n\t\t\t\t<div class=\"elementor-element elementor-element-0a5b683 elementor-widget elementor-widget-text-editor\" data-id=\"0a5b683\" data-element_type=\"widget\" data-widget_type=\"text-editor.default\">\n\t\t\t\t<div class=\"elementor-widget-container\">\n\t\t\t\t\t\t\t\t\t<p>Nous rappelons ici que l&rsquo;enseignement est obligatoire d\u00e8s la troisi\u00e8me maternelle.<\/p>\t\t\t\t\t\t\t\t<\/div>\n\t\t\t\t<\/div>\n\t\t\t\t\t<\/div>\n\t\t\t\t<\/div>\n\t\t<div class=\"elementor-element elementor-element-e652ae2 e-flex e-con-boxed e-con e-parent\" data-id=\"e652ae2\" data-element_type=\"container\">\n\t\t\t\t\t<div class=\"e-con-inner\">\n\t\t\t\t<div class=\"elementor-element elementor-element-fe0aaaa elementor-widget elementor-widget-spacer\" data-id=\"fe0aaaa\" data-element_type=\"widget\" data-widget_type=\"spacer.default\">\n\t\t\t\t<div class=\"elementor-widget-container\">\n\t\t\t\t\t\t\t<div class=\"elementor-spacer\">\n\t\t\t<div class=\"elementor-spacer-inner\"><\/div>\n\t\t<\/div>\n\t\t\t\t\t\t<\/div>\n\t\t\t\t<\/div>\n\t\t\t\t<div class=\"elementor-element elementor-element-cf8ca6f elementor-widget elementor-widget-text-editor\" data-id=\"cf8ca6f\" data-element_type=\"widget\" data-widget_type=\"text-editor.default\">\n\t\t\t\t<div class=\"elementor-widget-container\">\n\t\t\t\t\t\t\t\t\t<p><strong>Chaque jour, <span style=\"text-align: var(--text-align);\">conduis-moi <\/span><span style=\"text-align: var(--text-align);\">\u00e0 l&rsquo;\u00e9cole maternelle :\u00a0<\/span><span style=\"text-align: var(--text-align);\">c&rsquo;est ma chance\u00a0!\u00a0<\/span><\/strong><\/p><p><strong>En envoyant votre enfant \u00e0 l\u2019\u00e9cole,\u00a0<span style=\"text-align: var(--text-align);\">vous partagez avec l\u2019\u00e9quipe p\u00e9dagogique votre responsabilit\u00e9 d\u2019\u00e9ducateur,<\/span><\/strong><\/p><p><strong>\u00a0mais vous ne la c\u00e9dez pas.<\/strong><\/p>\t\t\t\t\t\t\t\t<\/div>\n\t\t\t\t<\/div>\n\t\t\t\t\t<\/div>\n\t\t\t\t<\/div>\n\t\t<div class=\"elementor-element elementor-element-892e2b4 e-flex e-con-boxed e-con e-parent\" data-id=\"892e2b4\" data-element_type=\"container\">\n\t\t\t\t\t<div class=\"e-con-inner\">\n\t\t\t\t<div class=\"elementor-element elementor-element-9d6ca29 elementor-widget elementor-widget-spacer\" data-id=\"9d6ca29\" data-element_type=\"widget\" data-widget_type=\"spacer.default\">\n\t\t\t\t<div class=\"elementor-widget-container\">\n\t\t\t\t\t\t\t<div class=\"elementor-spacer\">\n\t\t\t<div class=\"elementor-spacer-inner\"><\/div>\n\t\t<\/div>\n\t\t\t\t\t\t<\/div>\n\t\t\t\t<\/div>\n\t\t\t\t\t<\/div>\n\t\t\t\t<\/div>\n\t\t\t\t<\/div>\n\t\t","protected":false},"excerpt":{"rendered":"<p>Renseignements pratiques en maternelles Horaire Nous prions les parents de la section maternelle de respecter l\u2019horaire et principalement l\u2019heure du &hellip; <\/p>\n","protected":false},"author":1,"featured_media":0,"parent":0,"menu_order":0,"comment_status":"closed","ping_status":"closed","template":"elementor_header_footer","meta":{"footnotes":""},"class_list":["post-5893","page","type-page","status-publish","hentry","latest_post"],"_links":{"self":[{"href":"https:\/\/www.ecolelafermette.be\/index.php?rest_route=\/wp\/v2\/pages\/5893","targetHints":{"allow":["GET"]}}],"collection":[{"href":"https:\/\/www.ecolelafermette.be\/index.php?rest_route=\/wp\/v2\/pages"}],"about":[{"href":"https:\/\/www.ecolelafermette.be\/index.php?rest_route=\/wp\/v2\/types\/page"}],"author":[{"embeddable":true,"href":"https:\/\/www.ecolelafermette.be\/index.php?rest_route=\/wp\/v2\/users\/1"}],"replies":[{"embeddable":true,"href":"https:\/\/www.ecolelafermette.be\/index.php?rest_route=%2Fwp%2Fv2%2Fcomments&post=5893"}],"version-history":[{"count":46,"href":"https:\/\/www.ecolelafermette.be\/index.php?rest_route=\/wp\/v2\/pages\/5893\/revisions"}],"predecessor-version":[{"id":6884,"href":"https:\/\/www.ecolelafermette.be\/index.php?rest_route=\/wp\/v2\/pages\/5893\/revisions\/6884"}],"wp:attachment":[{"href":"https:\/\/www.ecolelafermette.be\/index.php?rest_route=%2Fwp%2Fv2%2Fmedia&parent=5893"}],"curies":[{"name":"wp","href":"https:\/\/api.w.org\/{rel}","templated":true}]}}