{"id":5881,"date":"2024-04-23T16:57:54","date_gmt":"2024-04-23T14:57:54","guid":{"rendered":"https:\/\/lafermette.novatris.be\/?page_id=5881"},"modified":"2026-03-20T09:58:13","modified_gmt":"2026-03-20T08:58:13","slug":"calendrier-scolaire","status":"publish","type":"page","link":"https:\/\/www.ecolelafermette.be\/?page_id=5881","title":{"rendered":"Calendrier scolaire"},"content":{"rendered":"\t\t<div data-elementor-type=\"wp-page\" data-elementor-id=\"5881\" class=\"elementor elementor-5881\">\n\t\t\t\t<div class=\"elementor-element elementor-element-785ed43 e-flex e-con-boxed e-con e-parent\" data-id=\"785ed43\" data-element_type=\"container\">\n\t\t\t\t\t<div class=\"e-con-inner\">\n\t\t\t\t<div class=\"elementor-element elementor-element-d4526a5 elementor-widget elementor-widget-heading\" data-id=\"d4526a5\" data-element_type=\"widget\" data-widget_type=\"heading.default\">\n\t\t\t\t<div class=\"elementor-widget-container\">\n\t\t\t\t\t<h2 class=\"elementor-heading-title elementor-size-default\">Calendrier scolaire<br><\/h2>\t\t\t\t<\/div>\n\t\t\t\t<\/div>\n\t\t\t\t\t<\/div>\n\t\t\t\t<\/div>\n\t\t<div class=\"elementor-element elementor-element-3c8fe50 e-con-full e-flex e-con e-parent\" data-id=\"3c8fe50\" data-element_type=\"container\">\n\t\t\t\t<div class=\"elementor-element elementor-element-1dbfb64 elementor-widget elementor-widget-text-editor\" data-id=\"1dbfb64\" data-element_type=\"widget\" data-widget_type=\"text-editor.default\">\n\t\t\t\t<div class=\"elementor-widget-container\">\n\t\t\t\t\t\t\t\t\t<p><span style=\"font-weight: bold;\"><u>Conf\u00e9rences p\u00e9dagogiques&nbsp;:<\/u><\/span><\/p>\n<p>Dates \u00e0 pr\u00e9ciser.<\/p>\n<p style=\"margin-bottom: 1em;\">Nous vous remercions de prendre note de ces dates et de les respecter, pour le bien-\u00eatre de la scolarit\u00e9 de votre enfant.<\/p>\t\t\t\t\t\t\t\t<\/div>\n\t\t\t\t<\/div>\n\t\t\t\t<div class=\"elementor-element elementor-element-e50abd5 elementor-widget elementor-widget-text-editor\" data-id=\"e50abd5\" data-element_type=\"widget\" data-widget_type=\"text-editor.default\">\n\t\t\t\t<div class=\"elementor-widget-container\">\n\t\t\t\t\t\t\t\t\t<p><strong><u>Calendrier pour l\u2019ann\u00e9e 2025-2026<\/u><\/strong><\/p><table><tbody><tr><td>Rentr\u00e9e scolaire<\/td><td>lundi 1 septembre 2025 \u00e0 8h30<\/td><\/tr><tr><td>\u00a0<\/td><td>\u00a0<\/td><\/tr><tr><td>R\u00e9union d\u2019information section maternelle<\/td><td>mardi 2 septembre 2025 \u00e0 20h00<\/td><\/tr><tr><td>\u00a0<\/td><td>\u00a0<\/td><\/tr><tr><td>R\u00e9union d\u2019information section primaire<\/td><td>jeudi 4 septembre 2025 \u00e0 20h00<\/td><\/tr><tr><td>\u00a0<\/td><td>\u00a0<\/td><\/tr><tr><td>Cong\u00e9 local<\/td><td>lundi 29 septembre 2025 (pas de garderie)<\/td><\/tr><tr><td>\u00a0<\/td><td>\u00a0<\/td><\/tr><tr><td>Cong\u00e9 de Toussaint<\/td><td>du lundi 27 octobre au dimanche 2 novembre 2025<\/td><\/tr><tr><td>\u00a0<\/td><td>\u00a0<\/td><\/tr><tr><td>F\u00eate de l&rsquo;Armistice<\/td><td>mardi 11 novembre 2025 (pas de garderie)<\/td><\/tr><tr><td>\u00a0<\/td><td>\u00a0<\/td><\/tr><tr><td>Vacances de No\u00ebl<\/td><td>du lundi 22 d\u00e9cembre 2025 au dimanche 4 janvier 2026<\/td><\/tr><tr><td>\u00a0<\/td><td>\u00a0<\/td><\/tr><tr><td>Cong\u00e9 de carnaval<\/td><td>du lundi 16 f\u00e9vrier au dimanche 22 f\u00e9vrier 2026<\/td><\/tr><tr><td>\u00a0<\/td><td>\u00a0<\/td><\/tr><tr><td>Vacances de P\u00e2ques<\/td><td>du lundi 6 avril au dimanche 19 avril 2026<\/td><\/tr><tr><td>\u00a0<\/td><td>\u00a0<\/td><\/tr><tr><td>Jeudi 30 avril 2026<\/td><td>cong\u00e9 local (pas de garderie)<\/td><\/tr><tr><td>\u00a0<\/td><td>\u00a0<\/td><\/tr><tr><td>Vendredi 1er mai<\/td><td>cong\u00e9 du 1er mai<\/td><\/tr><tr><td>\u00a0<\/td><td>\u00a0<\/td><\/tr><tr><td>Cong\u00e9 de l\u2019Ascension<\/td><td>du jeudi 14 mai au vendredi 15 mai 2026<\/td><\/tr><tr><td>\u00a0<\/td><td>\u00a0<\/td><\/tr><tr><td>Cong\u00e9 de Pentec\u00f4te<\/td><td>lundi 25 mai 2026<\/td><\/tr><tr><td>\u00a0<\/td><td>\u00a0<\/td><\/tr><tr><td>F\u00eate scolaire<\/td><td>vendredi 29 mai 2026<\/td><\/tr><tr><td>\u00a0<\/td><td>\u00a0<\/td><\/tr><tr><td>Fin de l\u2019ann\u00e9e scolaire<\/td><td>mardi 30 juin 2026<\/td><\/tr><\/tbody><\/table><div>\u00a0<\/div>\t\t\t\t\t\t\t\t<\/div>\n\t\t\t\t<\/div>\n\t\t\t\t<div class=\"elementor-element elementor-element-09b5e27 elementor-widget elementor-widget-spacer\" data-id=\"09b5e27\" data-element_type=\"widget\" data-widget_type=\"spacer.default\">\n\t\t\t\t<div class=\"elementor-widget-container\">\n\t\t\t\t\t\t\t<div class=\"elementor-spacer\">\n\t\t\t<div class=\"elementor-spacer-inner\"><\/div>\n\t\t<\/div>\n\t\t\t\t\t\t<\/div>\n\t\t\t\t<\/div>\n\t\t\t\t<div class=\"elementor-element elementor-element-5b95e9b elementor-widget elementor-widget-text-editor\" data-id=\"5b95e9b\" data-element_type=\"widget\" data-widget_type=\"text-editor.default\">\n\t\t\t\t<div class=\"elementor-widget-container\">\n\t\t\t\t\t\t\t\t\t<p><span style=\"text-decoration: underline;\"><strong>Manifestations en collaboration avec l\u2019Association des Parents :<\/strong><\/span><\/p><p>Notez d\u00e9j\u00e0 les dates suivantes\u00a0:<\/p><ul><li>Dates \u00e0 confirmer<\/li><\/ul>\t\t\t\t\t\t\t\t<\/div>\n\t\t\t\t<\/div>\n\t\t\t\t<\/div>\n\t\t<div class=\"elementor-element elementor-element-b91f06c e-flex e-con-boxed e-con e-parent\" data-id=\"b91f06c\" data-element_type=\"container\">\n\t\t\t\t\t<div class=\"e-con-inner\">\n\t\t\t\t<div class=\"elementor-element elementor-element-d871cf0 elementor-widget elementor-widget-spacer\" data-id=\"d871cf0\" data-element_type=\"widget\" data-widget_type=\"spacer.default\">\n\t\t\t\t<div class=\"elementor-widget-container\">\n\t\t\t\t\t\t\t<div class=\"elementor-spacer\">\n\t\t\t<div class=\"elementor-spacer-inner\"><\/div>\n\t\t<\/div>\n\t\t\t\t\t\t<\/div>\n\t\t\t\t<\/div>\n\t\t\t\t\t<\/div>\n\t\t\t\t<\/div>\n\t\t<div class=\"elementor-element elementor-element-2a0066f e-flex e-con-boxed e-con e-parent\" data-id=\"2a0066f\" data-element_type=\"container\">\n\t\t\t\t\t<div class=\"e-con-inner\">\n\t\t\t\t<div class=\"elementor-element elementor-element-850c8ee elementor-widget elementor-widget-text-editor\" data-id=\"850c8ee\" data-element_type=\"widget\" data-widget_type=\"text-editor.default\">\n\t\t\t\t<div class=\"elementor-widget-container\">\n\t\t\t\t\t\t\t\t\t<p>Des modifications pourront \u00eatre apport\u00e9es pour des raisons p\u00e9dagogiques ou suite \u00e0 de nouvelles directives minist\u00e9rielles. Elles seront communiqu\u00e9es par avis sp\u00e9cial.<\/p>\t\t\t\t\t\t\t\t<\/div>\n\t\t\t\t<\/div>\n\t\t\t\t\t<\/div>\n\t\t\t\t<\/div>\n\t\t<div class=\"elementor-element elementor-element-e4dd118 e-flex e-con-boxed e-con e-parent\" data-id=\"e4dd118\" data-element_type=\"container\">\n\t\t\t\t\t<div class=\"e-con-inner\">\n\t\t\t\t<div class=\"elementor-element elementor-element-4f9a961 elementor-widget elementor-widget-spacer\" data-id=\"4f9a961\" data-element_type=\"widget\" data-widget_type=\"spacer.default\">\n\t\t\t\t<div class=\"elementor-widget-container\">\n\t\t\t\t\t\t\t<div class=\"elementor-spacer\">\n\t\t\t<div class=\"elementor-spacer-inner\"><\/div>\n\t\t<\/div>\n\t\t\t\t\t\t<\/div>\n\t\t\t\t<\/div>\n\t\t\t\t\t<\/div>\n\t\t\t\t<\/div>\n\t\t\t\t<\/div>\n\t\t","protected":false},"excerpt":{"rendered":"<p>Calendrier scolaire Conf\u00e9rences p\u00e9dagogiques&nbsp;: Dates \u00e0 pr\u00e9ciser. Nous vous remercions de prendre note de ces dates et de les respecter, &hellip; <\/p>\n","protected":false},"author":1,"featured_media":0,"parent":0,"menu_order":0,"comment_status":"closed","ping_status":"closed","template":"elementor_header_footer","meta":{"footnotes":""},"class_list":["post-5881","page","type-page","status-publish","hentry","latest_post"],"_links":{"self":[{"href":"https:\/\/www.ecolelafermette.be\/index.php?rest_route=\/wp\/v2\/pages\/5881","targetHints":{"allow":["GET"]}}],"collection":[{"href":"https:\/\/www.ecolelafermette.be\/index.php?rest_route=\/wp\/v2\/pages"}],"about":[{"href":"https:\/\/www.ecolelafermette.be\/index.php?rest_route=\/wp\/v2\/types\/page"}],"author":[{"embeddable":true,"href":"https:\/\/www.ecolelafermette.be\/index.php?rest_route=\/wp\/v2\/users\/1"}],"replies":[{"embeddable":true,"href":"https:\/\/www.ecolelafermette.be\/index.php?rest_route=%2Fwp%2Fv2%2Fcomments&post=5881"}],"version-history":[{"count":59,"href":"https:\/\/www.ecolelafermette.be\/index.php?rest_route=\/wp\/v2\/pages\/5881\/revisions"}],"predecessor-version":[{"id":7319,"href":"https:\/\/www.ecolelafermette.be\/index.php?rest_route=\/wp\/v2\/pages\/5881\/revisions\/7319"}],"wp:attachment":[{"href":"https:\/\/www.ecolelafermette.be\/index.php?rest_route=%2Fwp%2Fv2%2Fmedia&parent=5881"}],"curies":[{"name":"wp","href":"https:\/\/api.w.org\/{rel}","templated":true}]}}