{"id":5870,"date":"2024-04-23T16:51:51","date_gmt":"2024-04-23T14:51:51","guid":{"rendered":"https:\/\/lafermette.novatris.be\/?page_id=5870"},"modified":"2025-09-04T18:48:26","modified_gmt":"2025-09-04T16:48:26","slug":"equipes-pms","status":"publish","type":"page","link":"https:\/\/www.ecolelafermette.be\/?page_id=5870","title":{"rendered":"Equipes &#8211; PMS"},"content":{"rendered":"\t\t<div data-elementor-type=\"wp-page\" data-elementor-id=\"5870\" class=\"elementor elementor-5870\">\n\t\t\t\t<div class=\"elementor-element elementor-element-87dcf8c e-flex e-con-boxed e-con e-parent\" data-id=\"87dcf8c\" data-element_type=\"container\">\n\t\t\t\t\t<div class=\"e-con-inner\">\n\t\t\t\t<div class=\"elementor-element elementor-element-f2f89ab elementor-widget elementor-widget-heading\" data-id=\"f2f89ab\" data-element_type=\"widget\" data-widget_type=\"heading.default\">\n\t\t\t\t<div class=\"elementor-widget-container\">\n\t\t\t\t\t<h2 class=\"elementor-heading-title elementor-size-default\">Le centre P.M.S.<\/h2>\t\t\t\t<\/div>\n\t\t\t\t<\/div>\n\t\t\t\t\t<\/div>\n\t\t\t\t<\/div>\n\t\t<div class=\"elementor-element elementor-element-25cbad3 e-flex e-con-boxed e-con e-parent\" data-id=\"25cbad3\" data-element_type=\"container\">\n\t\t\t\t\t<div class=\"e-con-inner\">\n\t\t\t\t<div class=\"elementor-element elementor-element-e3e3a7b elementor-widget elementor-widget-text-editor\" data-id=\"e3e3a7b\" data-element_type=\"widget\" data-widget_type=\"text-editor.default\">\n\t\t\t\t<div class=\"elementor-widget-container\">\n\t\t\t\t\t\t\t\t\t<p>L\u2019\u00e9cole La Fermette travaille en collaboration avec un <b>Centre Psycho-M\u00e9dico-Social<\/b>.<\/p><p><strong>CPMS wbe de Woluw\u00e9<\/strong><\/p><p>Avenue Jacques Brel 30 \u2013 1200 Bruxelles<\/p><p>Tel\u00a0: 02\/762.60.23<\/p><p><strong>Personne de contact pour l\u2019\u00e9cole La Fermette\u00a0:<\/strong><br \/>C\u00e9cile Galand (psychologue)<br \/>0479\/86.47.37 \u2013 cecile.galand@cpmswsl.be<\/p><p>Alexandra Mathus (infirmi\u00e8re)<br \/>0479\/86.52.71 &#8211; alexandra.<\/p><p>Le service offert par le CPMS est mis <u>gratuitement<\/u> \u00e0 votre disposition. L\u2019\u00e9quipe du CPMS travaille dans le respect du <u>secret professionnel<\/u> et participe, aux c\u00f4t\u00e9s de l\u2019\u00e9quipe p\u00e9dagogique et des parents, au d\u00e9veloppement du bien-\u00eatre des \u00e9l\u00e8ves, chacun ayant son r\u00f4le et ses responsabilit\u00e9s propres.<\/p><p>Les missions du CPMS sont larges. Celles-ci ont pour objectif de\u00a0:<\/p><ul><li>promouvoir les conditions psychologiques, psychop\u00e9dagogiques et sociales qui offrent \u00e0 l\u2019\u00e9l\u00e8ve les meilleures chances de d\u00e9velopper sa personnalit\u00e9 et de le pr\u00e9parer \u00e0 prendre une place active dans la vie sociale, culturelle et \u00e9conomique\u00a0;<\/li><li>contribuer au processus \u00e9ducatif de l\u2019\u00e9l\u00e8ve, tout au long de son parcours scolaire, en favorisant les moyens pour l\u2019amener \u00e0 progresser toujours plus\u00a0;<\/li><li>soutenir l\u2019\u00e9l\u00e8ve dans la construction positive de son projet de vie personnel, scolaire, professionnel et de son insertion socio-professionnelle.<\/li><\/ul><p>Au sein de l\u2019\u00e9cole La Fermette, l\u2019\u00e9quipe du CPMS est, entre autres, amen\u00e9e \u00e0\u00a0:<\/p><ul><li>rencontrer les parents qui d\u00e9sirent discuter d\u2019un point pr\u00e9cis de la scolarit\u00e9 ou de l\u2019\u00e9ducation de leur enfant\u00a0;<\/li><li>rencontrer les \u00e9l\u00e8ves pour r\u00e9fl\u00e9chir avec eux aux questions qu\u2019ils se posent dans les domaines scolaires, relationnels et\/ou affectifs\u00a0;<\/li><li>rencontrer les \u00e9quipes \u00e9ducatives pour r\u00e9fl\u00e9chir \u00e0 propos de l\u2019\u00e9volution des \u00e9l\u00e8ves dans le courant de leur scolarit\u00e9\u00a0;<\/li><li>r\u00e9aliser des interventions syst\u00e9matiques (observations des \u00e9l\u00e8ves de 3<sup>\u00e8me<\/sup> maternelle).<\/li><li>proposer des animations de pr\u00e9vention, en collaboration avec les enseignants, sur diff\u00e9rents th\u00e8mes (gestion des conflits, EVRAS, harc\u00e8lement, r\u00e9seaux sociaux\u2026).<\/li><\/ul><p>Si vous vous posez des questions \u00e0 propos de votre enfant, de son adaptation et de son orientation scolaire, de ses relations sociales ou d\u2019\u00e9ventuelles difficult\u00e9s que vous rencontreriez dans son \u00e9ducation, n\u2019h\u00e9sitez pas \u00e0 prendre contact avec l\u2019\u00e9quipe PMS. \u00a0\u00a0<\/p>\t\t\t\t\t\t\t\t<\/div>\n\t\t\t\t<\/div>\n\t\t\t\t\t<\/div>\n\t\t\t\t<\/div>\n\t\t\t\t<\/div>\n\t\t","protected":false},"excerpt":{"rendered":"<p>Le centre P.M.S. L\u2019\u00e9cole La Fermette travaille en collaboration avec un Centre Psycho-M\u00e9dico-Social. CPMS wbe de Woluw\u00e9 Avenue Jacques Brel &hellip; <\/p>\n","protected":false},"author":1,"featured_media":0,"parent":0,"menu_order":0,"comment_status":"closed","ping_status":"closed","template":"elementor_header_footer","meta":{"footnotes":""},"class_list":["post-5870","page","type-page","status-publish","hentry","latest_post"],"_links":{"self":[{"href":"https:\/\/www.ecolelafermette.be\/index.php?rest_route=\/wp\/v2\/pages\/5870","targetHints":{"allow":["GET"]}}],"collection":[{"href":"https:\/\/www.ecolelafermette.be\/index.php?rest_route=\/wp\/v2\/pages"}],"about":[{"href":"https:\/\/www.ecolelafermette.be\/index.php?rest_route=\/wp\/v2\/types\/page"}],"author":[{"embeddable":true,"href":"https:\/\/www.ecolelafermette.be\/index.php?rest_route=\/wp\/v2\/users\/1"}],"replies":[{"embeddable":true,"href":"https:\/\/www.ecolelafermette.be\/index.php?rest_route=%2Fwp%2Fv2%2Fcomments&post=5870"}],"version-history":[{"count":22,"href":"https:\/\/www.ecolelafermette.be\/index.php?rest_route=\/wp\/v2\/pages\/5870\/revisions"}],"predecessor-version":[{"id":7140,"href":"https:\/\/www.ecolelafermette.be\/index.php?rest_route=\/wp\/v2\/pages\/5870\/revisions\/7140"}],"wp:attachment":[{"href":"https:\/\/www.ecolelafermette.be\/index.php?rest_route=%2Fwp%2Fv2%2Fmedia&parent=5870"}],"curies":[{"name":"wp","href":"https:\/\/api.w.org\/{rel}","templated":true}]}}